{"id":3798,"date":"2026-04-13T16:12:45","date_gmt":"2026-04-13T14:12:45","guid":{"rendered":"https:\/\/littlevenise.fr\/?page_id=3798"},"modified":"2026-04-13T16:12:50","modified_gmt":"2026-04-13T14:12:50","slug":"fooding","status":"publish","type":"page","link":"https:\/\/littlevenise.fr\/index.php\/fooding\/","title":{"rendered":"Fooding"},"content":{"rendered":"\n<p class=\"has-text-align-center\">Quelques cr\u00e9ations qui font saliver pour des annonceurs \u00e9pic\u00e9s.<\/p>\n\n\n\n","protected":false},"excerpt":{"rendered":"<p>Quelques cr\u00e9ations qui font saliver pour des annonceurs \u00e9pic\u00e9s.<\/p>\n","protected":false},"author":2,"featured_media":3757,"parent":0,"menu_order":0,"comment_status":"closed","ping_status":"closed","template":"","meta":{"_acf_changed":false,"footnotes":""},"class_list":["post-3798","page","type-page","status-publish","has-post-thumbnail","hentry"],"acf":[],"yoast_head":"<!-- This site is optimized with the Yoast SEO plugin v27.3 - https:\/\/yoast.com\/product\/yoast-seo-wordpress\/ -->\n<title>Fooding - Little Venise - Castres<\/title>\n<meta name=\"description\" content=\"Quelques cr\u00e9ations qui font saliver pour des annonceurs \u00e9pic\u00e9s.\" \/>\n<meta name=\"robots\" content=\"index, follow, max-snippet:-1, max-image-preview:large, max-video-preview:-1\" \/>\n<link rel=\"canonical\" href=\"https:\/\/littlevenise.fr\/index.php\/fooding\/\" \/>\n<meta property=\"og:locale\" content=\"fr_FR\" \/>\n<meta property=\"og:type\" content=\"article\" \/>\n<meta property=\"og:title\" content=\"Fooding - Little Venise - Castres\" \/>\n<meta property=\"og:description\" content=\"Quelques cr\u00e9ations qui font saliver pour des annonceurs \u00e9pic\u00e9s.\" \/>\n<meta property=\"og:url\" content=\"https:\/\/littlevenise.fr\/index.php\/fooding\/\" \/>\n<meta property=\"og:site_name\" content=\"Little Venise - Castres\" \/>\n<meta property=\"article:publisher\" content=\"https:\/\/www.facebook.com\/profile.php?id=61571976762357\" \/>\n<meta property=\"article:modified_time\" content=\"2026-04-13T14:12:50+00:00\" \/>\n<meta property=\"og:image\" content=\"https:\/\/littlevenise.fr\/wp-content\/uploads\/2026\/04\/2000x1200-LITTLEVENISE-FOODING.gif\" \/>\n\t<meta property=\"og:image:width\" content=\"2000\" \/>\n\t<meta property=\"og:image:height\" content=\"1200\" \/>\n\t<meta property=\"og:image:type\" content=\"image\/gif\" \/>\n<meta name=\"twitter:card\" content=\"summary_large_image\" \/>\n<meta name=\"twitter:label1\" content=\"Dur\u00e9e de lecture estim\u00e9e\" \/>\n\t<meta name=\"twitter:data1\" content=\"1 minute\" \/>\n<script type=\"application\/ld+json\" class=\"yoast-schema-graph\">{\"@context\":\"https:\\\/\\\/schema.org\",\"@graph\":[{\"@type\":\"WebPage\",\"@id\":\"https:\\\/\\\/littlevenise.fr\\\/index.php\\\/fooding\\\/\",\"url\":\"https:\\\/\\\/littlevenise.fr\\\/index.php\\\/fooding\\\/\",\"name\":\"Fooding - Little Venise - Castres\",\"isPartOf\":{\"@id\":\"https:\\\/\\\/littlevenise.fr\\\/#website\"},\"primaryImageOfPage\":{\"@id\":\"https:\\\/\\\/littlevenise.fr\\\/index.php\\\/fooding\\\/#primaryimage\"},\"image\":{\"@id\":\"https:\\\/\\\/littlevenise.fr\\\/index.php\\\/fooding\\\/#primaryimage\"},\"thumbnailUrl\":\"https:\\\/\\\/i0.wp.com\\\/littlevenise.fr\\\/wp-content\\\/uploads\\\/2026\\\/04\\\/2000x1200-LITTLEVENISE-FOODING.gif?fit=2000%2C1200&ssl=1\",\"datePublished\":\"2026-04-13T14:12:45+00:00\",\"dateModified\":\"2026-04-13T14:12:50+00:00\",\"description\":\"Quelques cr\u00e9ations qui font saliver pour des annonceurs \u00e9pic\u00e9s.\",\"breadcrumb\":{\"@id\":\"https:\\\/\\\/littlevenise.fr\\\/index.php\\\/fooding\\\/#breadcrumb\"},\"inLanguage\":\"fr-FR\",\"potentialAction\":[{\"@type\":\"ReadAction\",\"target\":[\"https:\\\/\\\/littlevenise.fr\\\/index.php\\\/fooding\\\/\"]}]},{\"@type\":\"ImageObject\",\"inLanguage\":\"fr-FR\",\"@id\":\"https:\\\/\\\/littlevenise.fr\\\/index.php\\\/fooding\\\/#primaryimage\",\"url\":\"https:\\\/\\\/i0.wp.com\\\/littlevenise.fr\\\/wp-content\\\/uploads\\\/2026\\\/04\\\/2000x1200-LITTLEVENISE-FOODING.gif?fit=2000%2C1200&ssl=1\",\"contentUrl\":\"https:\\\/\\\/i0.wp.com\\\/littlevenise.fr\\\/wp-content\\\/uploads\\\/2026\\\/04\\\/2000x1200-LITTLEVENISE-FOODING.gif?fit=2000%2C1200&ssl=1\",\"width\":2000,\"height\":1200},{\"@type\":\"BreadcrumbList\",\"@id\":\"https:\\\/\\\/littlevenise.fr\\\/index.php\\\/fooding\\\/#breadcrumb\",\"itemListElement\":[{\"@type\":\"ListItem\",\"position\":1,\"name\":\"Accueil\",\"item\":\"https:\\\/\\\/littlevenise.fr\\\/\"},{\"@type\":\"ListItem\",\"position\":2,\"name\":\"Fooding\"}]},{\"@type\":\"WebSite\",\"@id\":\"https:\\\/\\\/littlevenise.fr\\\/#website\",\"url\":\"https:\\\/\\\/littlevenise.fr\\\/\",\"name\":\"Agence de publicit\u00e9 et studio de cr\u00e9ation - Little Venise - Castres\",\"description\":\"Des id\u00e9es pour vous d\u00e9marquer.\",\"publisher\":{\"@id\":\"https:\\\/\\\/littlevenise.fr\\\/#organization\"},\"potentialAction\":[{\"@type\":\"SearchAction\",\"target\":{\"@type\":\"EntryPoint\",\"urlTemplate\":\"https:\\\/\\\/littlevenise.fr\\\/?s={search_term_string}\"},\"query-input\":{\"@type\":\"PropertyValueSpecification\",\"valueRequired\":true,\"valueName\":\"search_term_string\"}}],\"inLanguage\":\"fr-FR\"},{\"@type\":\"Organization\",\"@id\":\"https:\\\/\\\/littlevenise.fr\\\/#organization\",\"name\":\"Little Venise\",\"url\":\"https:\\\/\\\/littlevenise.fr\\\/\",\"logo\":{\"@type\":\"ImageObject\",\"inLanguage\":\"fr-FR\",\"@id\":\"https:\\\/\\\/littlevenise.fr\\\/#\\\/schema\\\/logo\\\/image\\\/\",\"url\":\"https:\\\/\\\/littlevenise.fr\\\/wp-content\\\/uploads\\\/2025\\\/02\\\/512x512-LITTLE-VENISE-V4.jpg\",\"contentUrl\":\"https:\\\/\\\/littlevenise.fr\\\/wp-content\\\/uploads\\\/2025\\\/02\\\/512x512-LITTLE-VENISE-V4.jpg\",\"width\":512,\"height\":512,\"caption\":\"Little Venise\"},\"image\":{\"@id\":\"https:\\\/\\\/littlevenise.fr\\\/#\\\/schema\\\/logo\\\/image\\\/\"},\"sameAs\":[\"https:\\\/\\\/www.facebook.com\\\/profile.php?id=61571976762357\",\"https:\\\/\\\/www.instagram.com\\\/little_venise\\\/\",\"https:\\\/\\\/www.linkedin.com\\\/company\\\/little-venise\\\/about\\\/?viewAsMember=true\"]}]}<\/script>\n<!-- \/ Yoast SEO plugin. -->","yoast_head_json":{"title":"Fooding - Little Venise - Castres","description":"Quelques cr\u00e9ations qui font saliver pour des annonceurs \u00e9pic\u00e9s.","robots":{"index":"index","follow":"follow","max-snippet":"max-snippet:-1","max-image-preview":"max-image-preview:large","max-video-preview":"max-video-preview:-1"},"canonical":"https:\/\/littlevenise.fr\/index.php\/fooding\/","og_locale":"fr_FR","og_type":"article","og_title":"Fooding - Little Venise - Castres","og_description":"Quelques cr\u00e9ations qui font saliver pour des annonceurs \u00e9pic\u00e9s.","og_url":"https:\/\/littlevenise.fr\/index.php\/fooding\/","og_site_name":"Little Venise - Castres","article_publisher":"https:\/\/www.facebook.com\/profile.php?id=61571976762357","article_modified_time":"2026-04-13T14:12:50+00:00","og_image":[{"width":2000,"height":1200,"url":"https:\/\/littlevenise.fr\/wp-content\/uploads\/2026\/04\/2000x1200-LITTLEVENISE-FOODING.gif","type":"image\/gif"}],"twitter_card":"summary_large_image","twitter_misc":{"Dur\u00e9e de lecture estim\u00e9e":"1 minute"},"schema":{"@context":"https:\/\/schema.org","@graph":[{"@type":"WebPage","@id":"https:\/\/littlevenise.fr\/index.php\/fooding\/","url":"https:\/\/littlevenise.fr\/index.php\/fooding\/","name":"Fooding - Little Venise - Castres","isPartOf":{"@id":"https:\/\/littlevenise.fr\/#website"},"primaryImageOfPage":{"@id":"https:\/\/littlevenise.fr\/index.php\/fooding\/#primaryimage"},"image":{"@id":"https:\/\/littlevenise.fr\/index.php\/fooding\/#primaryimage"},"thumbnailUrl":"https:\/\/i0.wp.com\/littlevenise.fr\/wp-content\/uploads\/2026\/04\/2000x1200-LITTLEVENISE-FOODING.gif?fit=2000%2C1200&ssl=1","datePublished":"2026-04-13T14:12:45+00:00","dateModified":"2026-04-13T14:12:50+00:00","description":"Quelques cr\u00e9ations qui font saliver pour des annonceurs \u00e9pic\u00e9s.","breadcrumb":{"@id":"https:\/\/littlevenise.fr\/index.php\/fooding\/#breadcrumb"},"inLanguage":"fr-FR","potentialAction":[{"@type":"ReadAction","target":["https:\/\/littlevenise.fr\/index.php\/fooding\/"]}]},{"@type":"ImageObject","inLanguage":"fr-FR","@id":"https:\/\/littlevenise.fr\/index.php\/fooding\/#primaryimage","url":"https:\/\/i0.wp.com\/littlevenise.fr\/wp-content\/uploads\/2026\/04\/2000x1200-LITTLEVENISE-FOODING.gif?fit=2000%2C1200&ssl=1","contentUrl":"https:\/\/i0.wp.com\/littlevenise.fr\/wp-content\/uploads\/2026\/04\/2000x1200-LITTLEVENISE-FOODING.gif?fit=2000%2C1200&ssl=1","width":2000,"height":1200},{"@type":"BreadcrumbList","@id":"https:\/\/littlevenise.fr\/index.php\/fooding\/#breadcrumb","itemListElement":[{"@type":"ListItem","position":1,"name":"Accueil","item":"https:\/\/littlevenise.fr\/"},{"@type":"ListItem","position":2,"name":"Fooding"}]},{"@type":"WebSite","@id":"https:\/\/littlevenise.fr\/#website","url":"https:\/\/littlevenise.fr\/","name":"Agence de publicit\u00e9 et studio de cr\u00e9ation - Little Venise - Castres","description":"Des id\u00e9es pour vous d\u00e9marquer.","publisher":{"@id":"https:\/\/littlevenise.fr\/#organization"},"potentialAction":[{"@type":"SearchAction","target":{"@type":"EntryPoint","urlTemplate":"https:\/\/littlevenise.fr\/?s={search_term_string}"},"query-input":{"@type":"PropertyValueSpecification","valueRequired":true,"valueName":"search_term_string"}}],"inLanguage":"fr-FR"},{"@type":"Organization","@id":"https:\/\/littlevenise.fr\/#organization","name":"Little Venise","url":"https:\/\/littlevenise.fr\/","logo":{"@type":"ImageObject","inLanguage":"fr-FR","@id":"https:\/\/littlevenise.fr\/#\/schema\/logo\/image\/","url":"https:\/\/littlevenise.fr\/wp-content\/uploads\/2025\/02\/512x512-LITTLE-VENISE-V4.jpg","contentUrl":"https:\/\/littlevenise.fr\/wp-content\/uploads\/2025\/02\/512x512-LITTLE-VENISE-V4.jpg","width":512,"height":512,"caption":"Little Venise"},"image":{"@id":"https:\/\/littlevenise.fr\/#\/schema\/logo\/image\/"},"sameAs":["https:\/\/www.facebook.com\/profile.php?id=61571976762357","https:\/\/www.instagram.com\/little_venise\/","https:\/\/www.linkedin.com\/company\/little-venise\/about\/?viewAsMember=true"]}]}},"jetpack_sharing_enabled":true,"jetpack_likes_enabled":true,"_links":{"self":[{"href":"https:\/\/littlevenise.fr\/index.php\/wp-json\/wp\/v2\/pages\/3798","targetHints":{"allow":["GET"]}}],"collection":[{"href":"https:\/\/littlevenise.fr\/index.php\/wp-json\/wp\/v2\/pages"}],"about":[{"href":"https:\/\/littlevenise.fr\/index.php\/wp-json\/wp\/v2\/types\/page"}],"author":[{"embeddable":true,"href":"https:\/\/littlevenise.fr\/index.php\/wp-json\/wp\/v2\/users\/2"}],"replies":[{"embeddable":true,"href":"https:\/\/littlevenise.fr\/index.php\/wp-json\/wp\/v2\/comments?post=3798"}],"version-history":[{"count":0,"href":"https:\/\/littlevenise.fr\/index.php\/wp-json\/wp\/v2\/pages\/3798\/revisions"}],"wp:featuredmedia":[{"embeddable":true,"href":"https:\/\/littlevenise.fr\/index.php\/wp-json\/wp\/v2\/media\/3757"}],"wp:attachment":[{"href":"https:\/\/littlevenise.fr\/index.php\/wp-json\/wp\/v2\/media?parent=3798"}],"curies":[{"name":"wp","href":"https:\/\/api.w.org\/{rel}","templated":true}]}}